{"id":205,"date":"2024-01-18T01:31:03","date_gmt":"2024-01-18T00:31:03","guid":{"rendered":"http:\/\/hardshop.hard-adv.com\/?post_type=product&#038;p=205"},"modified":"2024-01-18T09:50:41","modified_gmt":"2024-01-18T08:50:41","slug":"ng-tarcza-hamulcowa-przod-yamaha-xtz-700-tenere-world-raid-19-23-282x133x45mm-5x85mm-wave-plywajaca","status":"publish","type":"product","link":"https:\/\/hardshop.hard-adv.com\/index.php\/produkt\/ng-tarcza-hamulcowa-przod-yamaha-xtz-700-tenere-world-raid-19-23-282x133x45mm-5x85mm-wave-plywajaca\/","title":{"rendered":"NG TARCZA HAMULCOWA PRZ\u00d3D YAMAHA  XTZ 700 TENERE \/WORLD RAID &#8217;19-&#8217;23, (282X133X4,5MM) (5X8,5MM) WAVE P\u0141YWAJ\u0104CA"},"content":{"rendered":"<div class=\"product-description-ui limited-container-ui product-description-lq\">\n<h2><span style=\"font-size: 16px\">\u015arednica zewn\u0119trzna:230;\u015arednica wewn\u0119trzna:86;Grubo\u015b\u0107 tarczy:4;Ilo\u015b\u0107 otwor\u00f3w:6;\u015arednica otworu na \u015brub\u0119:6,5;<\/span><\/h2>\n<\/div>\n<div class=\"product-attributes-ui clear-after-ui product-attributes-lq\"><\/div>\n","protected":false},"excerpt":{"rendered":"<p>ARCZA HAMULCOWA PRZ\u00d3D YAMAHA XTZ 700 TENERE \/WORLD RAID &#8217;19-&#8217;23<\/p>\n","protected":false},"featured_media":206,"template":"","meta":{"advanced_seo_description":"","jetpack_seo_html_title":"","jetpack_seo_noindex":false},"product_brand":[],"product_cat":[37],"product_tag":[],"class_list":{"0":"post-205","1":"product","2":"type-product","3":"status-publish","4":"has-post-thumbnail","6":"product_cat-tenere-700","8":"first","9":"instock","10":"taxable","11":"shipping-taxable","12":"purchasable","13":"product-type-simple"},"jetpack_sharing_enabled":true,"_links":{"self":[{"href":"https:\/\/hardshop.hard-adv.com\/index.php\/wp-json\/wp\/v2\/product\/205","targetHints":{"allow":["GET"]}}],"collection":[{"href":"https:\/\/hardshop.hard-adv.com\/index.php\/wp-json\/wp\/v2\/product"}],"about":[{"href":"https:\/\/hardshop.hard-adv.com\/index.php\/wp-json\/wp\/v2\/types\/product"}],"wp:featuredmedia":[{"embeddable":true,"href":"https:\/\/hardshop.hard-adv.com\/index.php\/wp-json\/wp\/v2\/media\/206"}],"wp:attachment":[{"href":"https:\/\/hardshop.hard-adv.com\/index.php\/wp-json\/wp\/v2\/media?parent=205"}],"wp:term":[{"taxonomy":"product_brand","embeddable":true,"href":"https:\/\/hardshop.hard-adv.com\/index.php\/wp-json\/wp\/v2\/product_brand?post=205"},{"taxonomy":"product_cat","embeddable":true,"href":"https:\/\/hardshop.hard-adv.com\/index.php\/wp-json\/wp\/v2\/product_cat?post=205"},{"taxonomy":"product_tag","embeddable":true,"href":"https:\/\/hardshop.hard-adv.com\/index.php\/wp-json\/wp\/v2\/product_tag?post=205"}],"curies":[{"name":"wp","href":"https:\/\/api.w.org\/{rel}","templated":true}]}}