{"id":213,"date":"2024-01-18T01:43:14","date_gmt":"2024-01-18T00:43:14","guid":{"rendered":"http:\/\/hardshop.hard-adv.com\/?post_type=product&#038;p=213"},"modified":"2024-01-18T09:43:13","modified_gmt":"2024-01-18T08:43:13","slug":"polisport-promocja-street-zestaw-oslona-pokrywy-dekla-alternatora-oraz-oslona-pokrywy-sprzegla-yamaha-xtz-690-tenere-t7-world-raid-19-23","status":"publish","type":"product","link":"https:\/\/hardshop.hard-adv.com\/index.php\/produkt\/polisport-promocja-street-zestaw-oslona-pokrywy-dekla-alternatora-oraz-oslona-pokrywy-sprzegla-yamaha-xtz-690-tenere-t7-world-raid-19-23\/","title":{"rendered":"POLISPORT ZESTAW OS\u0141ONA POKRYWY (DEKLA) ALTERNATORA ORAZ OS\u0141ONA POKRYWY SPRZ\u0118G\u0141A YAMAHA XTZ 690 TENERE T7\/WORLD RAID &#8217;19-23&#8242;"},"content":{"rendered":"<h1 class=\"page-title-ui page-title-lq \">POLISPORT \u00a0ZESTAW OS\u0141ONA POKRYWY (DEKLA) ALTERNATORA ORAZ OS\u0141ONA POKRYWY SPRZ\u0118G\u0141A YAMAHA XTZ 690 TENERE T7\/WORLD RAID &#8217;19-23&#8242;<\/h1>\n","protected":false},"excerpt":{"rendered":"<h1 class=\"page-title-ui page-title-lq \">OS\u0141ONA POKRYWY (DEKLA) ALTERNATORA ORAZ \u00a0POKRYWY SPRZ\u0118G\u0141A<\/h1>\n","protected":false},"featured_media":214,"template":"","meta":{"advanced_seo_description":"","jetpack_seo_html_title":"","jetpack_seo_noindex":false},"product_brand":[],"product_cat":[37],"product_tag":[],"class_list":{"0":"post-213","1":"product","2":"type-product","3":"status-publish","4":"has-post-thumbnail","6":"product_cat-tenere-700","8":"first","9":"instock","10":"taxable","11":"shipping-taxable","12":"purchasable","13":"product-type-simple"},"jetpack_sharing_enabled":true,"_links":{"self":[{"href":"https:\/\/hardshop.hard-adv.com\/index.php\/wp-json\/wp\/v2\/product\/213","targetHints":{"allow":["GET"]}}],"collection":[{"href":"https:\/\/hardshop.hard-adv.com\/index.php\/wp-json\/wp\/v2\/product"}],"about":[{"href":"https:\/\/hardshop.hard-adv.com\/index.php\/wp-json\/wp\/v2\/types\/product"}],"wp:featuredmedia":[{"embeddable":true,"href":"https:\/\/hardshop.hard-adv.com\/index.php\/wp-json\/wp\/v2\/media\/214"}],"wp:attachment":[{"href":"https:\/\/hardshop.hard-adv.com\/index.php\/wp-json\/wp\/v2\/media?parent=213"}],"wp:term":[{"taxonomy":"product_brand","embeddable":true,"href":"https:\/\/hardshop.hard-adv.com\/index.php\/wp-json\/wp\/v2\/product_brand?post=213"},{"taxonomy":"product_cat","embeddable":true,"href":"https:\/\/hardshop.hard-adv.com\/index.php\/wp-json\/wp\/v2\/product_cat?post=213"},{"taxonomy":"product_tag","embeddable":true,"href":"https:\/\/hardshop.hard-adv.com\/index.php\/wp-json\/wp\/v2\/product_tag?post=213"}],"curies":[{"name":"wp","href":"https:\/\/api.w.org\/{rel}","templated":true}]}}