{"id":254,"date":"2024-01-18T12:38:34","date_gmt":"2024-01-18T11:38:34","guid":{"rendered":"http:\/\/hardshop.hard-adv.com\/?post_type=product&#038;p=254"},"modified":"2024-01-19T21:20:13","modified_gmt":"2024-01-19T20:20:13","slug":"garmin-inreach-mini-2blackgps-emea","status":"publish","type":"product","link":"https:\/\/hardshop.hard-adv.com\/index.php\/produkt\/garmin-inreach-mini-2blackgps-emea\/","title":{"rendered":"Garmin inReach Mini 2,Black,GPS, EMEA"},"content":{"rendered":"<h1>DOM JEST BLI\u017bEJ, NI\u017b MY\u015aLISZ<\/h1>\n<div class=\"app__overview__intro__description\">\n<p>Ten niewielki komunikator satelitarny<sup>1<\/sup>\u00a0pomo\u017ce Ci czu\u0107 si\u0119 bli\u017cej domu nawet podczas podr\u00f3\u017cy po bezdro\u017cach, zapewniaj\u0105c poczucie bezpiecze\u0144stwa bez obci\u0105\u017cania plecaka.<\/p>\n<\/div>\n<p>&nbsp;<\/p>\n<div class=\"app__feature__card\" data-translate=\"\">\n<p><img decoding=\"async\" class=\"app__feature__card__image\" src=\"https:\/\/res.garmin.com\/gdc\/Product_Pages\/ICONS\/GPS_tracking.svg\" alt=\"\" border=\"0\" \/><\/p>\n<p class=\"app__feature__card__description app__feature__card__description--left\">Globalny zasi\u0119g sieci satelitarnej zapewnia \u0142\u0105czno\u015b\u0107 w miejscach, gdzie sie\u0107 kom\u00f3rkowa nie dzia\u0142a.<\/p>\n<\/div>\n<div class=\"app__feature__card\" data-translate=\"\">\n<p><img decoding=\"async\" class=\"app__feature__card__image\" src=\"https:\/\/res.garmin.com\/gdc\/Product_Pages\/ICONS\/SOS.svg\" alt=\"\" border=\"0\" \/><\/p>\n<p class=\"app__feature__card__description app__feature__card__description--left\">W sytuacji awaryjnej wy\u015blij interaktywn\u0105 wiadomo\u015b\u0107 SOS do naszego centrum koordynacji.<\/p>\n<\/div>\n<div class=\"app__feature__card\" data-translate=\"\">\n<p><img decoding=\"async\" class=\"app__feature__card__image\" src=\"https:\/\/res.garmin.com\/gdc\/Product_Pages\/ICONS\/Connected_Featured.svg\" alt=\"\" border=\"0\" \/><\/p>\n<p class=\"app__feature__card__description app__feature__card__description--left\">Pozosta\u0144 w kontakcie z najbli\u017cszymi, nawet bez zasi\u0119gu sieci kom\u00f3rkowej.<\/p>\n<\/div>\n<div class=\"app__feature__card\" data-translate=\"\">\n<p><img decoding=\"async\" class=\"app__feature__card__image\" src=\"https:\/\/res.garmin.com\/gdc\/Product_Pages\/ICONS\/Garmin-Adventurous-Routing.svg\" alt=\"\" border=\"0\" \/><\/p>\n<p class=\"app__feature__card__description app__feature__card__description--left\">Funkcja TracBack\u00ae pozwala wyznaczy\u0107 drog\u0119 powrotn\u0105, je\u015bli si\u0119 zgubisz.<\/p>\n<\/div>\n<div class=\"app__feature__card\" data-translate=\"\">\n<p><img decoding=\"async\" class=\"app__feature__card__image\" src=\"https:\/\/res.garmin.com\/gdc\/Product_Pages\/ICONS\/Gamin_Explore_App.svg\" alt=\"\" border=\"0\" \/><\/p>\n<p class=\"app__feature__card__description app__feature__card__description--left\">Zwi\u0119ksz mo\u017cliwo\u015bci urz\u0105dzenia inReach dzi\u0119ki aplikacji Garmin Explore\u2122.<\/p>\n<\/div>\n<div class=\"app__feature__card\" data-translate=\"\">\n<p><img decoding=\"async\" class=\"app__feature__card__image\" src=\"https:\/\/res.garmin.com\/gdc\/Product_Pages\/ICONS\/Battery_Life.svg\" alt=\"\" border=\"0\" \/><\/p>\n<p class=\"app__feature__card__description app__feature__card__description--left\">Nawet 14 dni pracy baterii w\u00a0trybie \u015bledzenia co 10 minut, dzi\u0119ki czemu mo\u017cesz d\u0142u\u017cej cieszy\u0107 si\u0119 podr\u00f3\u017c\u0105.<\/p>\n<\/div>\n<p><strong>Pozosta\u0144 w kontakcie dzi\u0119ki technologii inReach.<\/strong><\/p>\n<div class=\"app__feature__card\" data-translate=\"\">\n<h3>DWUKIERUNKOWA KOMUNIKACJA<\/h3>\n<p class=\"app__feature__card__description app__feature__card__description--left\">Wymieniaj wiadomo\u015bci tekstowe z bliskimi czekaj\u0105cymi w domu, publikuj tre\u015bci w serwisach spo\u0142eczno\u015bciowych lub komunikuj si\u0119 z innymi u\u017cytkownikami urz\u0105dze\u0144 inReach w terenie.<\/p>\n<\/div>\n<div class=\"app__feature__card\" data-translate=\"\">\n<h3>INTERAKTYWNE ALERTY SOS<\/h3>\n<p class=\"app__feature__card__description app__feature__card__description--left\">W sytuacji awaryjnej mo\u017cesz nada\u0107 interaktywny sygna\u0142 SOS do Garmin\u00a0Response\u2120 \u2014 ca\u0142odobowego centrum koordynacji reagowania kryzysowego.<\/p>\n<\/div>\n<div class=\"app__feature__card\" data-translate=\"\">\n<h3>UDOST\u0118PNIANIE LOKALIZACJI<\/h3>\n<p class=\"app__feature__card__description app__feature__card__description--left\">W ka\u017cdej chwili mo\u017cesz udost\u0119pnia\u0107 swoj\u0105 pozycj\u0119 bliskim w domu, korzystaj\u0105c ze strony MapShare\u2122 lub swoich wsp\u00f3\u0142rz\u0119dnych osadzonych w wiadomo\u015bciach.<\/p>\n<\/div>\n<div class=\"app__feature__card\" data-translate=\"\">\n<h3>GLOBALNA SIE\u0106 SATELITARNA<\/h3>\n<p class=\"app__feature__card__description app__feature__card__description--left\">Wiadomo\u015bci, alerty SOS i informacje umo\u017cliwiaj\u0105ce \u015bledzenie pozycji s\u0105 przesy\u0142ane za po\u015brednictwem globalnej sieci satelitarnej Iridium\u00ae, a nie sieci kom\u00f3rkowej.<\/p>\n<\/div>\n<div class=\"app__feature__card\" data-translate=\"\">\n<h3>ELASTYCZNE PLANY US\u0141UG SATELITARNYCH<\/h3>\n<p class=\"app__feature__card__description app__feature__card__description--left\">Aby uzyska\u0107 dost\u0119p do sieci Iridium i \u0142\u0105czno\u015bci z urz\u0105dzeniem inReach Mini 2, potrzebna jest aktywna\u00a0subskrypcja\u00a0us\u0142ugi satelitarnej. Dost\u0119pny jest pakiet z roczn\u0105 umow\u0105 i elastyczny plan miesi\u0119czny.<\/p>\n<\/div>\n<div class=\"app__feature__card\" data-translate=\"\">\n<h3>KOMPAKTOWA I WYTRZYMA\u0141A KONSTRUKCJA<\/h3>\n<p class=\"app__feature__card__description app__feature__card__description--left\">Nie daj si\u0119 zwie\u015b\u0107 niewielkim rozmiarom urz\u0105dzenia mierz\u0105cego 4\u2033 \u00d7 2\u2033 i wa\u017c\u0105cego 100 gram\u00f3w. Urz\u0105dzenie inReach Mini 2 jest solidne, trwa\u0142e, odporne na uderzenia (MIL-STD-810) i\u00a0wodoodporne (klasa IPX7).<\/p>\n<\/div>\n<p>&nbsp;<\/p>\n<p><strong>Zawsze przygotowany towarzysz wypraw.<\/strong><\/p>\n<div class=\"app__feature__card\" data-translate=\"\">\n<h3>WYZNACZANIE TRASY TRACBACK<\/h3>\n<p class=\"app__feature__card__description app__feature__card__description--left\">Funkcja wyznaczania trasy TracBack umo\u017cliwia powr\u00f3t do punktu startowego po tej samej trasie w razie zgubienia si\u0119 \u2014 bezpo\u015brednio w urz\u0105dzeniu.<\/p>\n<\/div>\n<div class=\"app__feature__card\" data-translate=\"\">\n<h3>KOMPAS CYFROWY<\/h3>\n<p class=\"app__feature__card__description app__feature__card__description--left\">Uzyskaj dok\u0142adne informacje o kierunku, nawet wtedy, gdy pozostajesz w miejscu.<\/p>\n<\/div>\n<div class=\"app__feature__card\" data-translate=\"\">\n<h3>CZAS PRACY BATERII<\/h3>\n<p class=\"app__feature__card__description app__feature__card__description--left\">Litowo-jonowa bateria dzia\u0142a do 14 dni w domy\u015blnym 10-minutowym trybie \u015bledzenia oraz do 30 dni w trybie oszcz\u0119dzania energii.<\/p>\n<\/div>\n<div class=\"app__feature__card\" data-translate=\"\">\n<h3>US\u0141UGA PROGNOZY POGODY INREACH<\/h3>\n<p class=\"app__feature__card__description app__feature__card__description--left\">Otrzymuj szczeg\u00f3\u0142owe informacje o pogodzie w inReach Mini 2 lub zgodnym urz\u0105dzeniu. Mo\u017cesz nawet poprosi\u0107 o prognoz\u0119 pogody dla aktualnej pozycji, innych punkt\u00f3w na trasie lub cel\u00f3w podr\u00f3\u017cy.<\/p>\n<\/div>\n<div class=\"app__feature__card\" data-translate=\"\">\n<h3>NIEOGRANICZONA PAMI\u0118\u0106 W CHMURZE I FUNKCJA PLANOWANIA PODR\u00d3\u017bY<\/h3>\n<p class=\"app__feature__card__description app__feature__card__description--left\">Uzyskaj bezp\u0142atny dost\u0119p do dzia\u0142aj\u0105cej w chmurze witryny internetowej Garmin Explore na komputerze, aby planowa\u0107 podr\u00f3\u017ce, tworzy\u0107 szablony wiadomo\u015bci i szybkie wiadomo\u015bci tekstowe, synchronizowa\u0107 ustawienia urz\u0105dzenia oraz zarz\u0105dza\u0107 nimi i wiele innych funkcji.<\/p>\n<\/div>\n<p><strong>Pod\u0142\u0105cz urz\u0105dzenie do sieci, aby uzyska\u0107 dost\u0119p do wi\u0119kszej liczby funkcji.<\/strong><\/p>\n<div class=\"app__column-layout app__column-layout__column--3 app__column-layout__column__mobile--1\">\n<div class=\"app__feature__card\" data-translate=\"\">\n<h3>APLIKACJA GARMIN EXPLORE<\/h3>\n<p class=\"app__feature__card__description app__feature__card__description--left\">Zsynchronizuj z witryn\u0105 Garmin Explore lub\u00a0aplikacj\u0105 mobiln\u0105\u00a0w\u00a0zgodnym smartfonie,\u00a0aby uzyska\u0107 dost\u0119p do nawigacji, punkt\u00f3w trasy, kurs\u00f3w, aktywno\u015bci i innych informacji. Uzyskaj r\u00f3wnie\u017c dost\u0119p do planowania podr\u00f3\u017cy i do map topograficznych.<\/p>\n<\/div>\n<div class=\"app__feature__card\" data-translate=\"\">\n<h3>INNE URZ\u0104DZENIA GARMIN<\/h3>\n<p class=\"app__feature__card__description app__feature__card__description--left\">Zdalne sterowanie inReach Mini 2 umo\u017cliwia wysy\u0142anie i odbieranie wiadomo\u015bci, uruchamianie i zatrzymywanie \u015bledzenia oraz uruchamianie interaktywnej funkcji SOS za pomoc\u0105 zgodnych urz\u0105dze\u0144 podr\u0119cznych, urz\u0105dze\u0144 noszonych na ciele i innych urz\u0105dze\u0144 mobilnych firmy Garmin.<\/p>\n<\/div>\n<div class=\"app__feature__card\" data-translate=\"\">\n<h3>APLIKACJA GARMIN MESSENGER\u2122<\/h3>\n<p class=\"app__feature__card__description app__feature__card__description--left\">Pobierz\u00a0aplikacj\u0119 Garmin Messenger\u00a0do zgodnego smartfona, a nast\u0119pnie sparuj z urz\u0105dzeniem inReach Mini 2, aby szybko i \u0142atwo wys\u0142a\u0107 wiadomo\u015bci i sygna\u0142y SOS 24\/7, kt\u00f3re nie s\u0105 ograniczone do zasi\u0119gu sieci kom\u00f3rkowej<sup>1<\/sup>. Aplikacja obs\u0142uguje r\u00f3wnie\u017c wiadomo\u015bci grupowe.<\/p>\n<\/div>\n<\/div>\n<div class=\"app__column-layout app__column-layout__column--3 app__column-layout__column__mobile--1\">\n<div class=\"app__feature__card\" data-translate=\"\">\n<h3>APLIKACJA GARMIN PILOT\u2122<\/h3>\n<p class=\"app__feature__card__description app__feature__card__description--left\">Sparuj z Garmin Pilot aby wysy\u0142a\u0107 i otrzymywa\u0107 wiadomo\u015bci SMS z kokpitu nawet, gdy sie\u0107 kom\u00f3rkowa jest niedost\u0119pna. Aplikacja mo\u017ce wykorzystywa\u0107 pozycj\u0119 GPS urz\u0105dzenia inReach Mini 2 i funkcje udost\u0119pniania lokalizacji podczas lotu.<\/p>\n<p class=\"app__feature__card__description app__feature__card__description--left\">*1 Wymagana jest aktywna subskrypcja satelitarna. W niekt\u00f3rych regionach u\u017cywanie komunikacji satelitarnej jest prawnie regulowane lub zabronione. Korzystanie z urz\u0105dzenia wymaga od u\u017cytkownika znajomo\u015bci i przestrzegania lokalnych przepis\u00f3w.<\/p>\n<\/div>\n<\/div>\n","protected":false},"excerpt":{"rendered":"<p>In Reach Garmin<\/p>\n","protected":false},"featured_media":255,"template":"","meta":{"advanced_seo_description":"","jetpack_seo_html_title":"","jetpack_seo_noindex":false},"product_brand":[],"product_cat":[48,50,44,46,52,38],"product_tag":[],"class_list":{"0":"post-254","1":"product","2":"type-product","3":"status-publish","4":"has-post-thumbnail","6":"product_cat-ktm-1290","7":"product_cat-ktm-950-990","8":"product_cat-ktm690","9":"product_cat-husqvarna-701","10":"product_cat-africa-twin","11":"product_cat-nawigacje","13":"first","14":"instock","15":"sale","16":"taxable","17":"shipping-taxable","18":"purchasable","19":"product-type-simple"},"jetpack_sharing_enabled":true,"_links":{"self":[{"href":"https:\/\/hardshop.hard-adv.com\/index.php\/wp-json\/wp\/v2\/product\/254","targetHints":{"allow":["GET"]}}],"collection":[{"href":"https:\/\/hardshop.hard-adv.com\/index.php\/wp-json\/wp\/v2\/product"}],"about":[{"href":"https:\/\/hardshop.hard-adv.com\/index.php\/wp-json\/wp\/v2\/types\/product"}],"wp:featuredmedia":[{"embeddable":true,"href":"https:\/\/hardshop.hard-adv.com\/index.php\/wp-json\/wp\/v2\/media\/255"}],"wp:attachment":[{"href":"https:\/\/hardshop.hard-adv.com\/index.php\/wp-json\/wp\/v2\/media?parent=254"}],"wp:term":[{"taxonomy":"product_brand","embeddable":true,"href":"https:\/\/hardshop.hard-adv.com\/index.php\/wp-json\/wp\/v2\/product_brand?post=254"},{"taxonomy":"product_cat","embeddable":true,"href":"https:\/\/hardshop.hard-adv.com\/index.php\/wp-json\/wp\/v2\/product_cat?post=254"},{"taxonomy":"product_tag","embeddable":true,"href":"https:\/\/hardshop.hard-adv.com\/index.php\/wp-json\/wp\/v2\/product_tag?post=254"}],"curies":[{"name":"wp","href":"https:\/\/api.w.org\/{rel}","templated":true}]}}