{"id":261,"date":"2024-01-18T17:48:17","date_gmt":"2024-01-18T16:48:17","guid":{"rendered":"http:\/\/hardshop.hard-adv.com\/?post_type=product&#038;p=261"},"modified":"2024-01-18T18:13:22","modified_gmt":"2024-01-18T17:13:22","slug":"did-525zvmx2gg-124-lancuch-zloty-zloty-124-ogniw-x-ring-525zvmx2gg124-otwarty-zakuwka","status":"publish","type":"product","link":"https:\/\/hardshop.hard-adv.com\/index.php\/produkt\/did-525zvmx2gg-124-lancuch-zloty-zloty-124-ogniw-x-ring-525zvmx2gg124-otwarty-zakuwka\/","title":{"rendered":"DID 525ZVMX2G&amp;G-124 \u0141A\u0143CUCH Z\u0141OTY \/ Z\u0141OTY (124 OGNIW) X-RING (OTWARTY + ZAKUWKA) Tenere 700"},"content":{"rendered":"<h1 class=\"page-title-ui page-title-lq \">DID 525ZVMX2G&amp;G-124 \u0141A\u0143CUCH Z\u0141OTY \/ Z\u0141OTY (124 OGNIW) X-RING (OTWARTY + ZAKUWKA) Tenere 700<\/h1>\n","protected":false},"excerpt":{"rendered":"<p>\u0141a\u0144cuch Tenere 700<\/p>\n","protected":false},"featured_media":262,"template":"","meta":{"advanced_seo_description":"","jetpack_seo_html_title":"","jetpack_seo_noindex":false},"product_brand":[],"product_cat":[37,39],"product_tag":[],"class_list":{"0":"post-261","1":"product","2":"type-product","3":"status-publish","4":"has-post-thumbnail","6":"product_cat-tenere-700","7":"product_cat-naped","9":"first","10":"instock","11":"taxable","12":"shipping-taxable","13":"purchasable","14":"product-type-simple"},"jetpack_sharing_enabled":true,"_links":{"self":[{"href":"https:\/\/hardshop.hard-adv.com\/index.php\/wp-json\/wp\/v2\/product\/261","targetHints":{"allow":["GET"]}}],"collection":[{"href":"https:\/\/hardshop.hard-adv.com\/index.php\/wp-json\/wp\/v2\/product"}],"about":[{"href":"https:\/\/hardshop.hard-adv.com\/index.php\/wp-json\/wp\/v2\/types\/product"}],"wp:featuredmedia":[{"embeddable":true,"href":"https:\/\/hardshop.hard-adv.com\/index.php\/wp-json\/wp\/v2\/media\/262"}],"wp:attachment":[{"href":"https:\/\/hardshop.hard-adv.com\/index.php\/wp-json\/wp\/v2\/media?parent=261"}],"wp:term":[{"taxonomy":"product_brand","embeddable":true,"href":"https:\/\/hardshop.hard-adv.com\/index.php\/wp-json\/wp\/v2\/product_brand?post=261"},{"taxonomy":"product_cat","embeddable":true,"href":"https:\/\/hardshop.hard-adv.com\/index.php\/wp-json\/wp\/v2\/product_cat?post=261"},{"taxonomy":"product_tag","embeddable":true,"href":"https:\/\/hardshop.hard-adv.com\/index.php\/wp-json\/wp\/v2\/product_tag?post=261"}],"curies":[{"name":"wp","href":"https:\/\/api.w.org\/{rel}","templated":true}]}}