{"id":314,"date":"2024-01-19T12:34:48","date_gmt":"2024-01-19T11:34:48","guid":{"rendered":"https:\/\/hardshop.hard-adv.com\/?post_type=product&#038;p=314"},"modified":"2024-02-16T16:02:55","modified_gmt":"2024-02-16T15:02:55","slug":"rebel","status":"publish","type":"product","link":"https:\/\/hardshop.hard-adv.com\/index.php\/produkt\/rebel\/","title":{"rendered":"OPONA PRZEDNIA REBEL XPLORER 01 TRAIL 90\/90-21 54h"},"content":{"rendered":"<div class=\"et_pb_module et_pb_wc_title et_pb_wc_title_0_tb_body et_pb_bg_layout_light\">\n<div class=\"et_pb_module_inner\">\n<h1 style=\"text-align: center\"><span class=\"titulo1\">XPLORER 01 TRAIL <\/span><br \/>\nOpona 90\/90-21 54h<\/h1>\n<h1>Przednia opona zosta\u0142a zaprojektowana tak, aby uzyska\u0107 maksymalne osi\u0105gi motocykla w ka\u017cdych okoliczno\u015bciach.<br \/>\nOpona bezd\u0119tkowa do 100% u\u017cytku terenowego, homologowana i kompatybilna ze wszystkimi maxi enduro!<\/h1>\n<\/div>\n<\/div>\n<div class=\"et_pb_module et_pb_wc_description et_pb_wc_description_0_tb_body et_pb_bg_layout_light et_pb_text_align_left\">\n<div class=\"et_pb_module_inner\">\n<p>Odpowiednia opona, aby cieszy\u0107 si\u0119 jazd\u0105 w terenie na motocyklu Trail i Maxi-Trail.<\/p>\n<p>Zaprojektowana, aby maksymalnie wykorzysta\u0107 mo\u017cliwo\u015bci motocykla w ka\u017cdych okoliczno\u015bciach.<\/p>\n<p>Szczeg\u00f3\u0142y Produktu<\/p>\n<p>HOMOLOGACJA ECE\/DOT<br \/>\nTRWA\u0141O\u015a\u0106<br \/>\nOpona bezd\u0119tkowa do u\u017cytku w 100% w terenie, zaprojektowana tak, aby\u015b m\u00f3g\u0142 w pe\u0142ni wykorzysta\u0107 mo\u017cliwo\u015bci motocykla Trail i Maxi Trail.<\/p>\n<\/div>\n<div class=\"et_pb_column et_pb_column_3_5 et_pb_column_7_tb_body et_pb_css_mix_blend_mode_passthrough\">\n<div class=\"et_pb_module et_pb_wc_additional_info et_pb_wc_additional_info_0_tb_body et_pb_bg_layout_light et_pb_text_align_left\">\n<div class=\"et_pb_module_inner\"><\/div>\n<\/div>\n<\/div>\n<div class=\"et_pb_column et_pb_column_2_5 et_pb_column_8_tb_body et_pb_css_mix_blend_mode_passthrough et-last-child\">\n<div class=\"et_pb_module et_pb_text et_pb_text_1_tb_body et_pb_text_align_left et_pb_bg_layout_light\">\n<div class=\"et_pb_text_inner\">\n<h3>Profil: 90<br \/>\nSzeroko\u015b\u0107: 90<br \/>\nPozycja: przednie ko\u0142o<br \/>\nHomologacja: ECE\/DOT<br \/>\nTyp: adventure<br \/>\nIndeks pr\u0119dko\u015bci: H<br \/>\nNo\u015bno\u015b\u0107: 54<br \/>\nObr\u0119cz: 21<\/h3>\n<\/div>\n<\/div>\n<\/div>\n<\/div>\n","protected":false},"excerpt":{"rendered":"<div class=\"et_pb_module et_pb_wc_title et_pb_wc_title_0_tb_body et_pb_bg_layout_light\">\n<div class=\"et_pb_module_inner\">\n<h3>Rebel XPLORER 01 do Adventure \ud83d\udca5\ud83d\udca5\ud83d\udca5<br \/>\nPrzednia opona zosta\u0142a zaprojektowana tak, aby uzyska\u0107 maksymalne osi\u0105gi motocykla w ka\u017cdych okoliczno\u015bciach.<br \/>\nOpona bezd\u0119tkowa do 100% u\u017cytku terenowego, homologowana i kompatybilna ze wszystkimi maxi enduro!<\/h3>\n<\/div>\n<\/div>\n","protected":false},"featured_media":319,"template":"","meta":{"advanced_seo_description":"","jetpack_seo_html_title":"","jetpack_seo_noindex":false},"product_brand":[],"product_cat":[27],"product_tag":[],"class_list":{"0":"post-314","1":"product","2":"type-product","3":"status-publish","4":"has-post-thumbnail","6":"product_cat-opony","8":"first","9":"outofstock","10":"taxable","11":"shipping-taxable","12":"purchasable","13":"product-type-simple"},"jetpack_sharing_enabled":true,"_links":{"self":[{"href":"https:\/\/hardshop.hard-adv.com\/index.php\/wp-json\/wp\/v2\/product\/314","targetHints":{"allow":["GET"]}}],"collection":[{"href":"https:\/\/hardshop.hard-adv.com\/index.php\/wp-json\/wp\/v2\/product"}],"about":[{"href":"https:\/\/hardshop.hard-adv.com\/index.php\/wp-json\/wp\/v2\/types\/product"}],"wp:featuredmedia":[{"embeddable":true,"href":"https:\/\/hardshop.hard-adv.com\/index.php\/wp-json\/wp\/v2\/media\/319"}],"wp:attachment":[{"href":"https:\/\/hardshop.hard-adv.com\/index.php\/wp-json\/wp\/v2\/media?parent=314"}],"wp:term":[{"taxonomy":"product_brand","embeddable":true,"href":"https:\/\/hardshop.hard-adv.com\/index.php\/wp-json\/wp\/v2\/product_brand?post=314"},{"taxonomy":"product_cat","embeddable":true,"href":"https:\/\/hardshop.hard-adv.com\/index.php\/wp-json\/wp\/v2\/product_cat?post=314"},{"taxonomy":"product_tag","embeddable":true,"href":"https:\/\/hardshop.hard-adv.com\/index.php\/wp-json\/wp\/v2\/product_tag?post=314"}],"curies":[{"name":"wp","href":"https:\/\/api.w.org\/{rel}","templated":true}]}}