{"id":325,"date":"2024-01-19T17:34:31","date_gmt":"2024-01-19T16:34:31","guid":{"rendered":"https:\/\/hardshop.hard-adv.com\/?post_type=product&#038;p=325"},"modified":"2024-01-20T11:47:13","modified_gmt":"2024-01-20T10:47:13","slug":"yamaha-tenere-700-2023","status":"publish","type":"product","link":"https:\/\/hardshop.hard-adv.com\/index.php\/produkt\/yamaha-tenere-700-2023\/","title":{"rendered":"Yamaha Tenere 700 2023 NOWY SALON POLSKA"},"content":{"rendered":"<p>Yamaha Tenere 2023<\/p>\n<p>Szybki czas realizacji<\/p>\n<p>Produkt na zamowienie w zale\u017cno\u015bci od dost\u0119pno\u015b\u0107i \/Kolor do ustalenia<\/p>\n<p>Pomagamy w przygotowaniu motocykla do jazdy Offroad .<\/p>\n<p>Dostarczamy pod drzwi za dodatkowa minimalna oplata.<\/p>\n<p>OFERTA TYLKO DLA UCZESTSIKOW HARD ADV WEEKEND!!!<\/p>\n","protected":false},"excerpt":{"rendered":"<p>Yamaha Tenere 2023<\/p>\n<p>Szybki czas realizacji<\/p>\n<p>Produkt na zamowienie w zale\u017cno\u015bci od dost\u0119pno\u015b\u0107i \/Kolor do ustalenia<\/p>\n<p>Pomagamy w przygotowaniu motocykla do jazdy Offroad .<\/p>\n<p>CENA PROMOCYJNA TYLKO DLA UCZESTNIKOW HARD ADV WEEKEND !!!<\/p>\n","protected":false},"featured_media":326,"template":"","meta":{"advanced_seo_description":"","jetpack_seo_html_title":"","jetpack_seo_noindex":false},"product_brand":[],"product_cat":[37],"product_tag":[],"class_list":{"0":"post-325","1":"product","2":"type-product","3":"status-publish","4":"has-post-thumbnail","6":"product_cat-tenere-700","8":"first","9":"onbackorder","10":"sale","11":"taxable","12":"shipping-taxable","13":"purchasable","14":"product-type-simple"},"jetpack_sharing_enabled":true,"_links":{"self":[{"href":"https:\/\/hardshop.hard-adv.com\/index.php\/wp-json\/wp\/v2\/product\/325","targetHints":{"allow":["GET"]}}],"collection":[{"href":"https:\/\/hardshop.hard-adv.com\/index.php\/wp-json\/wp\/v2\/product"}],"about":[{"href":"https:\/\/hardshop.hard-adv.com\/index.php\/wp-json\/wp\/v2\/types\/product"}],"wp:featuredmedia":[{"embeddable":true,"href":"https:\/\/hardshop.hard-adv.com\/index.php\/wp-json\/wp\/v2\/media\/326"}],"wp:attachment":[{"href":"https:\/\/hardshop.hard-adv.com\/index.php\/wp-json\/wp\/v2\/media?parent=325"}],"wp:term":[{"taxonomy":"product_brand","embeddable":true,"href":"https:\/\/hardshop.hard-adv.com\/index.php\/wp-json\/wp\/v2\/product_brand?post=325"},{"taxonomy":"product_cat","embeddable":true,"href":"https:\/\/hardshop.hard-adv.com\/index.php\/wp-json\/wp\/v2\/product_cat?post=325"},{"taxonomy":"product_tag","embeddable":true,"href":"https:\/\/hardshop.hard-adv.com\/index.php\/wp-json\/wp\/v2\/product_tag?post=325"}],"curies":[{"name":"wp","href":"https:\/\/api.w.org\/{rel}","templated":true}]}}