{"id":461,"date":"2024-01-21T12:57:25","date_gmt":"2024-01-21T11:57:25","guid":{"rendered":"https:\/\/hardshop.hard-adv.com\/?post_type=product&#038;p=461"},"modified":"2024-01-21T12:57:43","modified_gmt":"2024-01-21T11:57:43","slug":"nuetech-zapasowa-detka-do-systemu-tubliss-18-cali-16","status":"publish","type":"product","link":"https:\/\/hardshop.hard-adv.com\/index.php\/produkt\/nuetech-zapasowa-detka-do-systemu-tubliss-18-cali-16\/","title":{"rendered":"NUETECH ZAPASOWA D\u0118TKA DO SYSTEMU TUBLISS 18 CALI 1,6"},"content":{"rendered":"<div class=\"product-description-ui limited-container-ui product-description-lq\">Je\u015bli szukasz idealnej trakcji (zw\u0142aszcza w hard enduro), to system Tubliss jest Twoim idealnym rozwi\u0105zaniem. Proponujemy spr\u00f3bwa\u0107 jazdy z tubliss i gwarantujemy najlepsz\u0105 trakcj\u0119 na rynku (mo\u017cesz zatrzyma\u0107 si\u0119 na podje\u017adzie i ruszy\u0107 bez problemu). Zalety uzywania Tubliss:- elimacja d\u0119tki- mo\u017cliwo\u015b\u0107 jazdy na bardzo niskim ci\u015bnieniu w oponie, idealne rozwi\u0105zanie dla motocykli enduro- zmniejszenie wagi ko\u0142a ( przyspieszenie oraz trakcja)- zmniejszenie temperatury wewn\u0105trz opony (ci\u015bnienie i trakcja)- mo\u017cliwo\u015b\u0107 jazdy po przebiciu opony (Tubliss dzia\u0142a jak zamek, dociska opon\u0119 do felgi na ca\u0142ej d\u0142ugo\u015bci)- Tubliss nie zu\u017cywa si\u0119 jak Mouse.. &#8211; znacznie u\u0142atwia zdj\u0119cie opony i jej zmian\u0119- ochrona obr\u0119czy: Tubliss trzyma opon\u0119 mocno i pewnie, jej boki s\u0105 sztywne i przyjmuj\u0105 ca\u0142y impakt uderzenia, nie jak przy d\u0119tce wyginaj\u0105 si\u0119 i odkszta\u0142caj\u0105 wraz z ni\u0105, przez co mo\u017cna pogi\u0105\u0107 obr\u0119cz!Co zyskujesz u\u017cywaj\u0105c tublis:TRAKCJE &#8211; jazda na bardzo ma\u0142ym ci\u015bnieniu idealna do jazdy enduro- eliminacja d\u0119tki- mo\u017cliwo\u015b\u0107 jazdy po przebiciu ko\u0142a nie martwi\u0105c si\u0119 o obr\u0119czTUbliss dociska opon\u0119 do obr\u0119czy uniemo\u017cliwiaj\u0105c jej przesuni\u0119cie- mo\u017cliwo\u015b\u0107 manewrowania ci\u015bnieniem w kolePODW\u00d3JNE KOMORY POWIETRZNE:System Tubliss dzi\u0119ki zastosowaniu dw\u00f3ch kom\u00f3r powietrznych zast\u0119puj\u0119 standardow\u0105 d\u0119tk\u0119.Pierwsza komora to d\u0119tka z wysokim cisnieniem (6,9bar=100 psi), kt\u00f3ra chroni oraz uszczelnia felg\u0119 na ca\u0142ym obwodzie (d\u0119tka oraz czerwona guma)Druga komora to po przestrze\u0144 w oponie, kt\u00f3ra jest szczelna. Drug\u0105 komor\u0119 mo\u017cna u\u017cywa\u0107 na minimalnym ci\u015bnieniu.ZALETY:- mo\u017cliwo\u015b\u0107 jazdy na niskim ci\u015bnieniu &#8211; SUPER TRAKCJA, dzi\u0119ki kt\u00f3rej ruszysz z miejsca na stromym podje\u017adzie- mo\u017cliwo\u015b\u0107 jazdy z przebit\u0105 opon\u0105 \u2013 przebita opona nie stanowi ju\u017c problemu \u2013 z Tubliss mo\u017cesz nadal jecha\u0107- lepsza ochrona felgi ni\u017c standardowa d\u0119tka \u2013 d\u0119tka z ci\u015bnieniem 6,9 (100psi) bar chroni felg\u0119 w czasie mocnych uderze\u0144- ni\u017csza waga systemu od d\u0119tki i mousse \u2013 ni\u017csza waga systemu powoduje lepsze przy\u015bpieszenielow pressure tire chamber \u2013 komora z ma\u0142ym cisnieniemhigh pressure \u2013 komora z wysokim ci\u015bnieniem 6,9 bar (100 psi)run 0-10 psi&#8212;&#8212;Ci\u015bnienie 0-0,7 bar \u2013 poznaj zalety idealnej trakcji!!!! D\u0118TK\u0118 CZARN\u0104 MO\u017bNA POMPOWA\u0106 TYLKO, GDY ZNAJDUJE SI\u0118 W CZERWONEJ OSLONIE!!!!<\/div>\n<div class=\"product-attributes-ui clear-after-ui product-attributes-lq\"><\/div>\n","protected":false},"excerpt":{"rendered":"<p>NUETECH ZAPASOWA D\u0118TKA DO SYSTEMU TUBLISS 18 CALI 1,6<\/p>\n","protected":false},"featured_media":462,"template":"","meta":{"advanced_seo_description":"","jetpack_seo_html_title":"","jetpack_seo_noindex":false},"product_brand":[],"product_cat":[57,37],"product_tag":[],"class_list":{"0":"post-461","1":"product","2":"type-product","3":"status-publish","4":"has-post-thumbnail","6":"product_cat-kola","7":"product_cat-tenere-700","9":"first","10":"instock","11":"taxable","12":"shipping-taxable","13":"purchasable","14":"product-type-simple"},"jetpack_sharing_enabled":true,"_links":{"self":[{"href":"https:\/\/hardshop.hard-adv.com\/index.php\/wp-json\/wp\/v2\/product\/461","targetHints":{"allow":["GET"]}}],"collection":[{"href":"https:\/\/hardshop.hard-adv.com\/index.php\/wp-json\/wp\/v2\/product"}],"about":[{"href":"https:\/\/hardshop.hard-adv.com\/index.php\/wp-json\/wp\/v2\/types\/product"}],"wp:featuredmedia":[{"embeddable":true,"href":"https:\/\/hardshop.hard-adv.com\/index.php\/wp-json\/wp\/v2\/media\/462"}],"wp:attachment":[{"href":"https:\/\/hardshop.hard-adv.com\/index.php\/wp-json\/wp\/v2\/media?parent=461"}],"wp:term":[{"taxonomy":"product_brand","embeddable":true,"href":"https:\/\/hardshop.hard-adv.com\/index.php\/wp-json\/wp\/v2\/product_brand?post=461"},{"taxonomy":"product_cat","embeddable":true,"href":"https:\/\/hardshop.hard-adv.com\/index.php\/wp-json\/wp\/v2\/product_cat?post=461"},{"taxonomy":"product_tag","embeddable":true,"href":"https:\/\/hardshop.hard-adv.com\/index.php\/wp-json\/wp\/v2\/product_tag?post=461"}],"curies":[{"name":"wp","href":"https:\/\/api.w.org\/{rel}","templated":true}]}}