{"id":565,"date":"2024-01-27T18:17:40","date_gmt":"2024-01-27T17:17:40","guid":{"rendered":"https:\/\/hardshop.hard-adv.com\/?post_type=product&#038;p=565"},"modified":"2024-01-27T18:22:12","modified_gmt":"2024-01-27T17:22:12","slug":"mivv-uklad-wydechowy-slip-on-yamaha-tenere-700-2019-2022-dakar-y-064-ldkb","status":"publish","type":"product","link":"https:\/\/hardshop.hard-adv.com\/index.php\/produkt\/mivv-uklad-wydechowy-slip-on-yamaha-tenere-700-2019-2022-dakar-y-064-ldkb\/","title":{"rendered":"MIVV UK\u0141AD WYDECHOWY SLIP-ON YAMAHA TENERE 700 2019-2022 DAKAR Y.064.LDKB"},"content":{"rendered":"<div class=\"info-header\">OPIS<\/div>\n<p>MIVV UK\u0141AD WYDECHOWY SLIP-ON Y.064.LDKB DAKAR<\/p>\n<p>Wydechy <b>Mivv<\/b> s\u0105 wynikiem maksymalnej dba\u0142o\u015bci o design, aby zadowoli\u0107 tych, kt\u00f3rzy chc\u0105 wyr\u00f3\u017cni\u0107 si\u0119 wygl\u0105dem swoich motocykli.<\/p>\n<p>Zaprojektowane z my\u015bl\u0105 o poprawie estetyki, d\u017awi\u0119ku i osi\u0105g\u00f3w motocykla.<\/p>\n<p>Wydech DAKAR doskonale nadaje si\u0119 do wszystkich typ\u00f3w motocykli. Z najwy\u017csz\u0105 dba\u0142o\u015bci\u0105 o szczeg\u00f3\u0142y, ta gama jest najlepszym kompromisem mi\u0119dzy wygl\u0105dem a wydajno\u015bci\u0105.<\/p>\n<p>Wszystkie modele maj\u0105 wyjmowany dB-killer.<\/p>\n<p>Wydech z tytanowym korpusem i wysokoodporn\u0105 termicznie karbonow\u0105 nasadk\u0105 ma otwarte rozci\u0119cia na nasadce, co nadaje t\u0142umikowi bardziej sportowy wygl\u0105d.<\/p>\n<p>Wydech posiada HOMOLOGACJ\u0118.<\/p>\n<p><b>Wydech nie pasuje pod oryginalny uchwyt tablicy rejestracyjnej( tail tidy) !<\/b><\/p>\n<p><b>Nie pasuje do bocznych sakw . Kompatybilny z podn\u00f3\u017ckami pasa\u017cera<\/b><\/p>\n<p><b>ZALETY TEGO WYDECHU:<\/b><\/p>\n<p>Moc: +2,20HP<\/p>\n<p>Moment obrotowy: +1,40Nm<\/p>\n<p>Waga: -2,70kg<\/p>\n<p><b>ZASTOSOWANIE:<\/b><\/p>\n<p>YAMAHA TENERE\u2019 700 2019 &gt; 2021<\/p>\n<p><img data-recalc-dims=\"1\" decoding=\"async\" title=\"Producent MIVV\" src=\"https:\/\/i0.wp.com\/b2b.zibi-dystrybucja.com.pl\/images\/attribute_images\/98x28\/Miiv-Logo-1.jpg?ssl=1\" \/>Producent MIVV<\/p>\n<p>Firma specializuj\u0105ca si\u0119 w produkcji oraz projektowaniu uk\u0142ad\u00f3w wydechowych od 1970r.<\/p>\n<p>obecnie zatrudniaj\u0105ca 160 os\u00f3b oraz dysponuj\u0105ca 3 zak\u0142adami produkcyjnymi.<\/p>\n<p>Dostawca uk\u0142ad\u00f3w wydechowych r\u00f3wniez dla renomowanych producent\u00f3w motocykli ( Yamaha, Ducati,<\/p>\n<p>Aprilia, Moto Guzzi, Derbi)<\/p>\n<p>Ich produkty ciesz\u0105 si\u0119 bardzo du\u017c\u0105 popularnosci\u0105 w ponad 50 krajach.<\/p>\n<p>Wizyt\u00f3wk\u0105 Mivv s\u0105 dopracowane oraz skuteczne uk\u0142ady wydechowe.<\/p>\n<p>Wi\u0119kszo\u015b\u0107 ich produkt\u00f3w jest tak zaprojektowana ,\u017ce nie potrzeba modyfikacji motocykla.<\/p>\n<div class=\"info-header\">SPECYFIKACJA<\/div>\n<div class=\"spec-content\">\n<dl class=\"spec-data-list\">\n<dt class=\"label\">Kod producenta<\/dt>\n<dt class=\"label\">Y064LDKB<\/dt>\n<dd class=\"value\"><\/dd>\n<dt class=\"label\">Producent<\/dt>\n<dt class=\"label\">MIVV<\/dt>\n<\/dl>\n<\/div>\n","protected":false},"excerpt":{"rendered":"<p>MIVV UK\u0141AD WYDECHOWY SLIP-ON Y.064.LDKB DAKAR<\/p>\n","protected":false},"featured_media":566,"template":"","meta":{"advanced_seo_description":"","jetpack_seo_html_title":"","jetpack_seo_noindex":false},"product_brand":[],"product_cat":[37,41],"product_tag":[],"class_list":{"0":"post-565","1":"product","2":"type-product","3":"status-publish","4":"has-post-thumbnail","6":"product_cat-tenere-700","7":"product_cat-uklad-wydechowy","9":"first","10":"onbackorder","11":"taxable","12":"shipping-taxable","13":"purchasable","14":"product-type-simple"},"jetpack_sharing_enabled":true,"_links":{"self":[{"href":"https:\/\/hardshop.hard-adv.com\/index.php\/wp-json\/wp\/v2\/product\/565","targetHints":{"allow":["GET"]}}],"collection":[{"href":"https:\/\/hardshop.hard-adv.com\/index.php\/wp-json\/wp\/v2\/product"}],"about":[{"href":"https:\/\/hardshop.hard-adv.com\/index.php\/wp-json\/wp\/v2\/types\/product"}],"wp:featuredmedia":[{"embeddable":true,"href":"https:\/\/hardshop.hard-adv.com\/index.php\/wp-json\/wp\/v2\/media\/566"}],"wp:attachment":[{"href":"https:\/\/hardshop.hard-adv.com\/index.php\/wp-json\/wp\/v2\/media?parent=565"}],"wp:term":[{"taxonomy":"product_brand","embeddable":true,"href":"https:\/\/hardshop.hard-adv.com\/index.php\/wp-json\/wp\/v2\/product_brand?post=565"},{"taxonomy":"product_cat","embeddable":true,"href":"https:\/\/hardshop.hard-adv.com\/index.php\/wp-json\/wp\/v2\/product_cat?post=565"},{"taxonomy":"product_tag","embeddable":true,"href":"https:\/\/hardshop.hard-adv.com\/index.php\/wp-json\/wp\/v2\/product_tag?post=565"}],"curies":[{"name":"wp","href":"https:\/\/api.w.org\/{rel}","templated":true}]}}