{"id":90,"date":"2024-01-16T18:22:00","date_gmt":"2024-01-16T17:22:00","guid":{"rendered":"http:\/\/hardshop.hard-adv.com\/?post_type=product&#038;p=90"},"modified":"2024-01-22T10:55:50","modified_gmt":"2024-01-22T09:55:50","slug":"insta360-x3-motorcycle-kit-zestaw-z-kamera-i-akcesoriami-insta360","status":"publish","type":"product","link":"https:\/\/hardshop.hard-adv.com\/index.php\/produkt\/insta360-x3-motorcycle-kit-zestaw-z-kamera-i-akcesoriami-insta360\/","title":{"rendered":"Insta360 X3 Motorcycle Kit &#8211; zestaw z kamer\u0105 i akcesoriami INSTA360"},"content":{"rendered":"<p>Dwie matryce 1\/2&#8243; 48Mpx<br \/>\nNowe sensory 1\/2&#8243; X3 zawieraj\u0105 wi\u0119cej pikseli, zapewniaj\u0105c wi\u0119ksz\u0105 przejrzysto\u015b\u0107 i szczeg\u00f3\u0142owo\u015b\u0107, nawet przy s\u0142abym o\u015bwietleniu.<\/p>\n<p>&nbsp;<\/p>\n<p>Najpierw nagrywaj, potem wykadruj!<br \/>\nPo prostu nagraj, a potem nadaj finalny kadr korzystaj\u0105c z \u0142atwych narz\u0119dzi w aplikacji Insta360 wspomaganej sztuczn\u0105 inteligencj\u0105. Udost\u0119pniaj na dowolnej platformie medi\u00f3w spo\u0142eczno\u015bciowych jednym dotkni\u0119ciem bez utraty jako\u015bci.<\/p>\n<p>&nbsp;<\/p>\n<p>Zdj\u0119cia z dw\u00f3ch matryc 1\/2\u201d 48Mpx<br \/>\nNajwi\u0119ksza liczba megapikseli dost\u0119pna w kamerze sportowej 360\u00b0. Zdj\u0119cia 360\u00b0 z wi\u0119ksz\u0105 ilo\u015bci\u0105 szczeg\u00f3\u0142\u00f3w ni\u017c kiedykolwiek wcze\u015bniej!<\/p>\n<p>&nbsp;<\/p>\n<p>360\u00b0 Active HDR<br \/>\nInnowacyjny nowy tryb wideo Active HDR utrzymuje stabilizacj\u0119 wideo podczas ruchu, zachowuj\u0105c szczeg\u00f3\u0142y w \u015bwiat\u0142ach i cieniach, zapewniaj\u0105c \u017cywsze nagrania.<\/p>\n<p>&nbsp;<\/p>\n<p>Tryb pojedynczego obiektywu w rozdzielczo\u015bci 4K<br \/>\nChcesz po prostu nagrywa\u0107 filmy z perspektywy pierwszej osoby bez kadrowania? Nagrywaj filmy szerokok\u0105tne w trybie pojedynczego obiektywu i natychmiast udost\u0119pniaj je w mediach spo\u0142eczno\u015bciowych w rozdzielczo\u015bci 4K@30fps. Tryb MaxView 2.7K zapewnia 170\u00b0 pole widzenia w Twoich filmach!<\/p>\n<p>&nbsp;<\/p>\n<p>Tryb &#8222;Me&#8221;<br \/>\nWypr\u00f3buj zupe\u0142nie nowy tryb \u201eMe\u201d, kt\u00f3ry ustawia kadr tak, aby skupia\u0142 si\u0119 tylko na Tobie. Selfie Stick pozostaje niewidoczny, nawet przy 60 klatkach na sekund\u0119, aby uzyska\u0107 niesamowite spowolnienie. Nie musisz zmienia\u0107 kadru, zawsze pozostaniesz w centrum akcji!<\/p>\n<p>&nbsp;<\/p>\n<p>Niesamowity widok z perspektywy trzeciej osoby<br \/>\nKijek Invisible Selfie Stick jest niewidoczny podczas edycji, umo\u017cliwiaj\u0105c uchwycenie k\u0105t\u00f3w z lotu ptaka i perspektywy trzeciej osoby, kt\u00f3rych nie mo\u017cna uzyska\u0107 innymi kamerami. Dron staje si\u0119 zb\u0119dny!<\/p>\n<p>&nbsp;<\/p>\n<p>Stabilny obraz w ka\u017cdej sytuacji<br \/>\nWyboiste szlaki i du\u017ce fale nie mog\u0105 si\u0119 r\u00f3wna\u0107 z stabilizacj\u0105 obrazu kamery Insta360 X3. FlowState zapewnia p\u0142ynno\u015b\u0107 film\u00f3w bez wzgl\u0119du na okoliczno\u015bci.<\/p>\n<p>&nbsp;<\/p>\n<p>Horizon Lock 360<br \/>\nNowy poziom stabilizacji obrazu w kamerze akcji! Niezale\u017cnie od tego, czy lecisz na paralotni, czy je\u017adzisz kolejk\u0105 g\u00f3rsk\u0105, 360 Horizon Lock zawsze utrzyma wideo w poziomie.<\/p>\n<p>&nbsp;<\/p>\n<p>8K 360\u00b0 Timelapse<br \/>\nNagrywaj filmy poklatkowe 360 stopni na wy\u017cszym poziomie w osza\u0142amiaj\u0105cej jako\u015bci 8K dzi\u0119ki nowej matrycy kamery X3.<\/p>\n<p>&nbsp;<\/p>\n<p>Bullet Time 4K 120fps<br \/>\nPrzenie\u015b si\u0119 do Matrixa z 4K120fps lub 3K180fps. Bullet Time wygl\u0105da bardziej kinowo ni\u017c kiedykolwiek dzi\u0119ki ulepszonej rozdzielczo\u015bci 4K i wi\u0119kszej liczbie klatek na sekund\u0119.<\/p>\n<p>&nbsp;<\/p>\n<p>Nagrywanie w p\u0119tli<br \/>\nZmie\u0144 swoj\u0105 X3 w kamer\u0119 samochodow\u0105. X3 b\u0119dzie stale nagrywa\u0107 wideo, ale zapisze tylko ostatnie minuty zgodnie z ustawionym interwa\u0142em, oszcz\u0119dzaj\u0105c cenne miejsce na karcie pami\u0119ci.<\/p>\n<p>&nbsp;<\/p>\n<p>Wytrzyma\u0142a i wodoodporna<br \/>\nCertyfikat IPX8 umo\u017cliwia nagrywanie do 10m pod wod\u0105. Dedykowana wodoszczelna obudowa pozwala nagrywa\u0107 do 50m pod wod\u0105!<\/p>\n<p>&nbsp;<\/p>\n<p>ZAWARTO\u015a\u0106 ZESTAWU<\/p>\n<p>Kamera Insta360 X3<br \/>\nAkumulator<br \/>\nKabel zasilaj\u0105cy<br \/>\nSylikonowa os\u0142ona obiektywu<br \/>\n\u015aciereczka do czyszczenia obiektywu<br \/>\nZestaw akcesori\u00f3w Motorcycle Mount Bundle<br \/>\nMicroSD 64GB<\/p>\n<p>Zgodno\u015b\u0107 z urz\u0105dzeniami:<br \/>\niOS:<\/p>\n<p>Kompatybilny z urz\u0105dzeniami mobilnymi iOS z chipami A11 lub nowszymi i iOS w wersji 12.0 lub nowszej, w tym iPhone SE 2, iPhone 8, iPhone 8 Plus, iPhone XR, iPhone XS, iPhone XS Max, iPhone X, iPhone 11, iPhone 11 Pro, iPhone 11 Pro Max, iPhone 12, iPhone 12 Pro, iPhone 12 Pro Max, iPhone 12 mini, iPhone 13, iPhone 13 Pro, iPhone 13 Pro Max, iPhone 13 mini, iPad Air (2020), iPad Pro a tak\u017ce nowszymi modelami iPad.<\/p>\n<p>Android:<\/p>\n<p>Kompatybilny z urz\u0105dzeniami mobilnymi z systemem Android, kt\u00f3re spe\u0142niaj\u0105 nast\u0119puj\u0105ce funkcje, w tym:<br \/>\nUrz\u0105dzenia z systemem Android z chipami Kirin 980 i nowszymi, w tym Huawei Mate 20, P30 oraz nowsze.<br \/>\nUrz\u0105dzenia z systemem Android z chipami Snapdragon 845 i nowszymi, w tym Samsung Galaxy S9, Xiaomi Mi 8 oraz nowsze.<br \/>\nUrz\u0105dzenia z systemem Android z uk\u0142adami Exynos 9810 i nowszymi, w tym Samsung Galaxy S9, S9+, Note9 oraz nowsze.<\/p>\n<p>Urz\u0105dzenia, kt\u00f3re nie spe\u0142niaj\u0105 wymaga\u0144 nadal mog\u0105 korzysta\u0107 z aplikacji do urz\u0105dzenia Insta360 X3. Nale\u017cy jednak pami\u0119ta\u0107, i\u017c niekt\u00f3re operacje wymagaj\u0105 du\u017cej mocy obliczeniowej przez co mog\u0105 dzia\u0142a\u0107 wolniej.<\/p>\n<p>Marka<br \/>\nINSTA360<br \/>\nSymbol<br \/>\nCINSAAQQ<br \/>\nINFORMACJE DODATKOWE<br \/>\nUSB Type-C<br \/>\nObs\u0142uga bezprzewodowa dost\u0119pna dla systemu iO i Android<br \/>\nKAMERA<br \/>\nRozdzielczo\u015b\u0107 360: 5,7K: 5760*2880 przy 30\/25\/24 kl.\/s<br \/>\nRozdzielczo\u015b\u0107 4K: 3840*1920 przy 60\/30 kl.\/s<br \/>\nRozdzielczo\u015b\u0107 Tryb pojedynczego obiektywu: 4K: 3840&#215;2160 przy 30\/25\/24 kl.\/s<br \/>\nRozdzielczo\u015b\u0107 3,6 K: 3584&#215;2016 przy 60\/50\/30\/25\/24 kl.\/s<br \/>\nRozdzielczo\u015b\u0107 2.7K: 2720&#215;1530@60\/50\/30\/25\/24 kl.\/s<br \/>\nRozdzielczo\u015b\u0107 1080p: 1920&#215;1088@60\/50\/30\/25\/24 kl.\/s<br \/>\nTyp pliku wyj\u015bciowego kamery szerokok\u0105tnej: MP4<br \/>\nTyp pliku wyj\u015bciowego 360\u00b0: INSV (mo\u017cliwo\u015b\u0107 eksportu poprzez aplikacj\u0119)<br \/>\nTryb video: Standardowy, aktywny HDR, Timelapse, TimeShift, Bullet Time, nagrywanie w p\u0119tli<br \/>\nProfile kolorystyczne: \u017bywy (Vivid), Standardowy, LOG<br \/>\nMaksymalna szybko\u015b\u0107 transmisji wideo 120Mbps<br \/>\nPrzekaz na \u017cywo: 360 Live, Reframe Live (streamer ustawia ustalon\u0105 perspektyw\u0119)<br \/>\nFormat audio: 48 kHz, 16 bit\u00f3w, AAC<br \/>\nSzybko\u015b\u0107 migawki kamery: 1\/8000 &#8211; do limitu klatek na sekund\u0119<br \/>\nTryby d\u017awi\u0119ku: redukcja wiatru, stereo, skoncentrowany na kierunku.<br \/>\nFUNKCJE APARATU<br \/>\nRozdzielczo\u015b\u0107 zdj\u0119\u0107 72Mpx: 11968&#215;5984<br \/>\nRozdzielczo\u015b\u0107 zdj\u0119\u0107 18Mpx: 5952&#215;2976<br \/>\nFormat zdj\u0119\u0107: insp (mo\u017cna wyeksportowa\u0107 za pomoc\u0105 aplikacji mobilnej lub Insta360 Studio)<br \/>\nFormat zdj\u0119\u0107: PureShot (DNG Raw, nale\u017cy edytowa\u0107 na komputerze)<br \/>\nTryby zdj\u0119\u0107: Standardowy, HDR, Seria, Interwa\u0142, Starlapse<br \/>\n6-osiowy \u017cyroskop<br \/>\nPrzys\u0142ona: F1.9<br \/>\nWarto\u015b\u0107 ekspozycji \u00b14EV<br \/>\nZakres ISO: 100\uff5e3200<br \/>\nSzybko\u015b\u0107 migawki aparatu: 1\/8000 &#8211; 120s<br \/>\nBalans bieli: 2000K-10000K<br \/>\nBATERIA<br \/>\nCzas pracy: 81min (Testowane w \u015brodowisku laboratoryjnym w trybie 5,7K@30fps)<br \/>\nCzas \u0142adowania: 1.5h (5V\/3A)<br \/>\nPojemno\u015b\u0107 baterii: 1800 mAh<br \/>\nOG\u00d3LNE<br \/>\nBluetooth 5.0<br \/>\nWi-Fi: 2,4 GHz, 5 GHz 802.11a\/b\/g\/n\/ac<br \/>\nKarta Micro SD: Zalecane s\u0105 karty Micro SD klasy pr\u0119dko\u015bci UHS-I V30 w formacie exFAT o maksymalnej pojemno\u015bci 1 TB<br \/>\nKarta Micro SD: brak w zestawie<br \/>\nZakres temperatur dzia\u0142ania: -20 \u2103 do 40 \u2103<br \/>\nWYMIARY KAMERY<br \/>\nwysoko\u015b\u0107: 114mm<br \/>\nszeroko\u015b\u0107: 46mm<br \/>\ng\u0142\u0119boko\u015b\u0107: 33.1mm<\/p>\n","protected":false},"excerpt":{"rendered":"<ul>\n<li>Dwie matryce 1\/2&#8243; 48Mpx<\/li>\n<li>Szerokok\u0105tny obraz w rozdzielczo\u015bci 4K<\/li>\n<li>Stabilizacja FlowState i blokada horyzontu 360<\/li>\n<li>Niesamowity widok z perspektywy trzeciej osoby<\/li>\n<\/ul>\n","protected":false},"featured_media":91,"template":"","meta":{"advanced_seo_description":"","jetpack_seo_html_title":"","jetpack_seo_noindex":false},"product_brand":[],"product_cat":[26],"product_tag":[],"class_list":{"0":"post-90","1":"product","2":"type-product","3":"status-publish","4":"has-post-thumbnail","6":"product_cat-kamery","8":"first","9":"outofstock","10":"taxable","11":"shipping-taxable","12":"purchasable","13":"product-type-simple"},"jetpack_sharing_enabled":true,"_links":{"self":[{"href":"https:\/\/hardshop.hard-adv.com\/index.php\/wp-json\/wp\/v2\/product\/90","targetHints":{"allow":["GET"]}}],"collection":[{"href":"https:\/\/hardshop.hard-adv.com\/index.php\/wp-json\/wp\/v2\/product"}],"about":[{"href":"https:\/\/hardshop.hard-adv.com\/index.php\/wp-json\/wp\/v2\/types\/product"}],"wp:featuredmedia":[{"embeddable":true,"href":"https:\/\/hardshop.hard-adv.com\/index.php\/wp-json\/wp\/v2\/media\/91"}],"wp:attachment":[{"href":"https:\/\/hardshop.hard-adv.com\/index.php\/wp-json\/wp\/v2\/media?parent=90"}],"wp:term":[{"taxonomy":"product_brand","embeddable":true,"href":"https:\/\/hardshop.hard-adv.com\/index.php\/wp-json\/wp\/v2\/product_brand?post=90"},{"taxonomy":"product_cat","embeddable":true,"href":"https:\/\/hardshop.hard-adv.com\/index.php\/wp-json\/wp\/v2\/product_cat?post=90"},{"taxonomy":"product_tag","embeddable":true,"href":"https:\/\/hardshop.hard-adv.com\/index.php\/wp-json\/wp\/v2\/product_tag?post=90"}],"curies":[{"name":"wp","href":"https:\/\/api.w.org\/{rel}","templated":true}]}}